{"id":222,"date":"2025-04-20T20:08:47","date_gmt":"2025-04-20T17:08:47","guid":{"rendered":"https:\/\/1dkka.com\/magaza2\/urun\/nahx-isgali-serisi-1-kitap-sonsuza-dek-sifir-tekrar-6\/"},"modified":"2025-04-20T20:08:47","modified_gmt":"2025-04-20T17:08:47","slug":"nahx-isgali-serisi-1-kitap-sonsuza-dek-sifir-tekrar-6","status":"publish","type":"product","link":"https:\/\/1dkka.com\/magaza2\/urun\/nahx-isgali-serisi-1-kitap-sonsuza-dek-sifir-tekrar-6\/","title":{"rendered":"Nahx \u0130\u015fgali Serisi 1. Kitap Sonsuza Dek S\u0131f\u0131r Tekrar"},"content":{"rendered":"<p>Nahx isgali t\u00fcm sehirleri sarip d\u00fcnyanin kontrol\u00fcn\u00fc ele ge\u00e7irdiginde, Raven yaz kampindaydi. Yerlerinden kimildamamalarini s\u00f6yleyen y\u00f6neticiler, i\u00e7inde bulunduklari belirsizlik ve hissettikleri m\u00fcthis \u00e7aresizlikle arkadaslariyla birbirlerine tutunmaya \u00e7alistilar. Ama sonra, Raven&#8217;in erkek arkadasi bir Nahx tarafindan \u00f6ld\u00fcr\u00fcld\u00fc. R\u00fctbesinden baska hi\u00e7bir seyi olmayan, kafasinin i\u00e7indeki sesin direkti? erine uyan Sekizinci ile Raven&#8217;in yolu b\u00f6yle kesisti. Tek \u00e7areleri birbirlerine g\u00fcvenmek ve yoldasini asla yalniz birakmamak\u2026<\/p>\n<p>Lou&#8217;nun yedi yildir s\u00fcren bir iliskisi vardi, Will&#8217;in son iliskisi yedi ay s\u00fcr\u00fcnce inanamamisti.<\/p>\n<p>Bu yasamlar, bir g\u00fcn Will&#8217;in yasadigi korkun\u00e7 bir trafik kazasiyla kesisti.<\/p>\n<p>Ailesini ge\u00e7indirmek zorunda kalan Lou&#8217;nun ise ihtiyaci vardi. Artik tekerlekli sandalyeye mahkum olan Will&#8217;inse, yasamaya devam edebilmek i\u00e7in bir nedene.<\/p>\n<p>Hayata bir kez geldigimizi ve onu cesurca yasamamiz gerektigini , bazen imkansiz bir ask masali hatirlatir bize\u2026<\/p>\n<p>\u00dcr\u00fcn Ad\u0131: Nahx \u0130\u015fgali Serisi 1. Kitap Sonsuza Dek S\u0131f\u0131r Tekrar<br \/>\u00dcr\u00fcn Kodu: 9786050951165<br \/>Bas\u0131m Y\u0131l\u0131: 2018.00000000<br \/>Kapak T\u00fcr\u00fc: Karton Kapak<br \/>Ka\u011f\u0131t Cinsi: 2. Hamur<br \/>\u00c7evirmen: G. S. Prendergast<\/p>\n","protected":false},"excerpt":{"rendered":"<p>Nahx isgali t\u00fcm sehirleri sarip d\u00fcnyanin kontrol\u00fcn\u00fc ele ge\u00e7irdiginde, Raven yaz kampindaydi. Yerlerinden kimildamamalarini s\u00f6yleyen y\u00f6neticiler, i\u00e7inde bulunduklari belirsizlik ve hissettikleri m\u00fcthis \u00e7aresizlikle arkadaslariyla birbirlerine tutunmaya \u00e7alistilar. Ama sonra, Raven&#8217;in erkek arkadasi bir Nahx tarafindan \u00f6ld\u00fcr\u00fcld\u00fc. R\u00fctbesinden baska hi\u00e7bir seyi olmayan, kafasinin i\u00e7indeki sesin direkti? erine uyan Sekizinci ile Raven&#8217;in yolu b\u00f6yle kesisti. Tek \u00e7areleri birbirlerine g\u00fcvenmek ve yoldasini asla yalniz birakmamak\u2026<\/p>\n<p>Lou&#8217;nun yedi yildir s\u00fcren bir iliskisi vardi, Will&#8217;in son iliskisi yedi ay s\u00fcr\u00fcnce inanamamisti.<\/p>\n<p>Bu yasamlar, bir g\u00fcn Will&#8217;in yasadigi korkun\u00e7 bir trafik kazasiyla kesisti.<\/p>\n<p>Ailesini ge\u00e7indirmek zorunda kalan Lou&#8217;nun ise ihtiyaci vardi. Artik tekerlekli sandalyeye mahkum olan Will&#8217;inse, yasamaya devam edebilmek i\u00e7in bir nedene.<\/p>\n<p>Hayata bir kez geldigimizi ve onu cesurca yasamamiz gerektigini , bazen imkansiz bir ask masali hatirlatir bize\u2026<\/p>\n<p>\u00dcr\u00fcn Ad\u0131: Nahx \u0130\u015fgali Serisi 1. Kitap Sonsuza Dek S\u0131f\u0131r Tekrar<br \/>\u00dcr\u00fcn Kodu: 9786050951165<br \/>Bas\u0131m Y\u0131l\u0131: 2018.00000000<br \/>Kapak T\u00fcr\u00fc: Karton Kapak<br \/>Ka\u011f\u0131t Cinsi: 2. Hamur<br \/>\u00c7evirmen: G. S. Prendergast<\/p>\n","protected":false},"featured_media":38,"comment_status":"open","ping_status":"closed","template":"","meta":[],"product_brand":[],"product_cat":[21],"product_tag":[],"class_list":{"0":"post-222","1":"product","2":"type-product","3":"status-publish","4":"has-post-thumbnail","6":"product_cat-roman-edebiyat","8":"first","9":"instock","10":"shipping-taxable","11":"purchasable","12":"product-type-simple"},"yoast_head":"<!-- This site is optimized with the Yoast SEO Premium plugin v24.5 (Yoast SEO v24.5) - https:\/\/yoast.com\/wordpress\/plugins\/seo\/ -->\n<title>Nahx \u0130\u015fgali Serisi 1. Kitap Sonsuza Dek S\u0131f\u0131r Tekrar - Demo Magaza<\/title>\n<meta name=\"robots\" content=\"index, follow, max-snippet:-1, max-image-preview:large, max-video-preview:-1\" \/>\n<link rel=\"canonical\" href=\"https:\/\/1dkka.com\/magaza2\/urun\/nahx-isgali-serisi-1-kitap-sonsuza-dek-sifir-tekrar-6\/\" \/>\n<meta property=\"og:locale\" content=\"tr_TR\" \/>\n<meta property=\"og:type\" content=\"article\" \/>\n<meta property=\"og:title\" content=\"Nahx \u0130\u015fgali Serisi 1. Kitap Sonsuza Dek S\u0131f\u0131r Tekrar\" \/>\n<meta property=\"og:description\" content=\"Nahx isgali t\u00fcm sehirleri sarip d\u00fcnyanin kontrol\u00fcn\u00fc ele ge\u00e7irdiginde, Raven yaz kampindaydi. Yerlerinden kimildamamalarini s\u00f6yleyen y\u00f6neticiler, i\u00e7inde bulunduklari belirsizlik ve hissettikleri m\u00fcthis \u00e7aresizlikle arkadaslariyla birbirlerine tutunmaya \u00e7alistilar. Ama sonra, Raven&#039;in erkek arkadasi bir Nahx tarafindan \u00f6ld\u00fcr\u00fcld\u00fc. R\u00fctbesinden baska hi\u00e7bir seyi olmayan, kafasinin i\u00e7indeki sesin direkti? erine uyan Sekizinci ile Raven&#039;in yolu b\u00f6yle kesisti. Tek \u00e7areleri birbirlerine g\u00fcvenmek ve yoldasini asla yalniz birakmamak\u2026 Lou&#039;nun yedi yildir s\u00fcren bir iliskisi vardi, Will&#039;in son iliskisi yedi ay s\u00fcr\u00fcnce inanamamisti. Bu yasamlar, bir g\u00fcn Will&#039;in yasadigi korkun\u00e7 bir trafik kazasiyla kesisti. Ailesini ge\u00e7indirmek zorunda kalan Lou&#039;nun ise ihtiyaci vardi. Artik tekerlekli sandalyeye mahkum olan Will&#039;inse, yasamaya devam edebilmek i\u00e7in bir nedene. Hayata bir kez geldigimizi ve onu cesurca yasamamiz gerektigini , bazen imkansiz bir ask masali hatirlatir bize\u2026\u00dcr\u00fcn Ad\u0131: Nahx \u0130\u015fgali Serisi 1. Kitap Sonsuza Dek S\u0131f\u0131r Tekrar\u00dcr\u00fcn Kodu: 9786050951165Bas\u0131m Y\u0131l\u0131: 2018.00000000Kapak T\u00fcr\u00fc: Karton KapakKa\u011f\u0131t Cinsi: 2. Hamur\u00c7evirmen: G. S. Prendergast\" \/>\n<meta property=\"og:url\" content=\"https:\/\/1dkka.com\/magaza2\/urun\/nahx-isgali-serisi-1-kitap-sonsuza-dek-sifir-tekrar-6\/\" \/>\n<meta property=\"og:site_name\" content=\"Demo Magaza\" \/>\n<meta property=\"og:image\" content=\"https:\/\/1dkka.com\/magaza2\/wp-content\/uploads\/sites\/8\/2025\/03\/0403202567c76ecf2efc1.jpeg\" \/>\n\t<meta property=\"og:image:width\" content=\"391\" \/>\n\t<meta property=\"og:image:height\" content=\"600\" \/>\n\t<meta property=\"og:image:type\" content=\"image\/jpeg\" \/>\n<meta name=\"twitter:card\" content=\"summary_large_image\" \/>\n<meta name=\"twitter:label1\" content=\"Tahmini okuma s\u00fcresi\" \/>\n\t<meta name=\"twitter:data1\" content=\"1 dakika\" \/>\n<script type=\"application\/ld+json\" class=\"yoast-schema-graph\">{\"@context\":\"https:\/\/schema.org\",\"@graph\":[{\"@type\":\"WebPage\",\"@id\":\"https:\/\/1dkka.com\/magaza2\/urun\/nahx-isgali-serisi-1-kitap-sonsuza-dek-sifir-tekrar-6\/\",\"url\":\"https:\/\/1dkka.com\/magaza2\/urun\/nahx-isgali-serisi-1-kitap-sonsuza-dek-sifir-tekrar-6\/\",\"name\":\"Nahx \u0130\u015fgali Serisi 1. Kitap Sonsuza Dek S\u0131f\u0131r Tekrar - Demo Magaza\",\"isPartOf\":{\"@id\":\"https:\/\/1dkka.com\/magaza2\/#website\"},\"primaryImageOfPage\":{\"@id\":\"https:\/\/1dkka.com\/magaza2\/urun\/nahx-isgali-serisi-1-kitap-sonsuza-dek-sifir-tekrar-6\/#primaryimage\"},\"image\":{\"@id\":\"https:\/\/1dkka.com\/magaza2\/urun\/nahx-isgali-serisi-1-kitap-sonsuza-dek-sifir-tekrar-6\/#primaryimage\"},\"thumbnailUrl\":\"https:\/\/1dkka.com\/magaza2\/wp-content\/uploads\/sites\/8\/2025\/03\/0403202567c76ecf2efc1.jpeg\",\"datePublished\":\"2025-04-20T17:08:47+00:00\",\"breadcrumb\":{\"@id\":\"https:\/\/1dkka.com\/magaza2\/urun\/nahx-isgali-serisi-1-kitap-sonsuza-dek-sifir-tekrar-6\/#breadcrumb\"},\"inLanguage\":\"tr\",\"potentialAction\":[{\"@type\":\"ReadAction\",\"target\":[\"https:\/\/1dkka.com\/magaza2\/urun\/nahx-isgali-serisi-1-kitap-sonsuza-dek-sifir-tekrar-6\/\"]}]},{\"@type\":\"ImageObject\",\"inLanguage\":\"tr\",\"@id\":\"https:\/\/1dkka.com\/magaza2\/urun\/nahx-isgali-serisi-1-kitap-sonsuza-dek-sifir-tekrar-6\/#primaryimage\",\"url\":\"https:\/\/1dkka.com\/magaza2\/wp-content\/uploads\/sites\/8\/2025\/03\/0403202567c76ecf2efc1.jpeg\",\"contentUrl\":\"https:\/\/1dkka.com\/magaza2\/wp-content\/uploads\/sites\/8\/2025\/03\/0403202567c76ecf2efc1.jpeg\",\"width\":391,\"height\":600},{\"@type\":\"BreadcrumbList\",\"@id\":\"https:\/\/1dkka.com\/magaza2\/urun\/nahx-isgali-serisi-1-kitap-sonsuza-dek-sifir-tekrar-6\/#breadcrumb\",\"itemListElement\":[{\"@type\":\"ListItem\",\"position\":1,\"name\":\"Anasayfa\",\"item\":\"https:\/\/1dkka.com\/magaza2\/\"},{\"@type\":\"ListItem\",\"position\":2,\"name\":\"Ma\u011faza\",\"item\":\"https:\/\/1dkka.com\/magaza2\/\"},{\"@type\":\"ListItem\",\"position\":3,\"name\":\"Nahx \u0130\u015fgali Serisi 1. Kitap Sonsuza Dek S\u0131f\u0131r Tekrar\"}]},{\"@type\":\"WebSite\",\"@id\":\"https:\/\/1dkka.com\/magaza2\/#website\",\"url\":\"https:\/\/1dkka.com\/magaza2\/\",\"name\":\"Demo Magaza\",\"description\":\"Sanalmahalle.com\",\"potentialAction\":[{\"@type\":\"SearchAction\",\"target\":{\"@type\":\"EntryPoint\",\"urlTemplate\":\"https:\/\/1dkka.com\/magaza2\/?s={search_term_string}\"},\"query-input\":{\"@type\":\"PropertyValueSpecification\",\"valueRequired\":true,\"valueName\":\"search_term_string\"}}],\"inLanguage\":\"tr\"}]}<\/script>\n<!-- \/ Yoast SEO Premium plugin. -->","yoast_head_json":{"title":"Nahx \u0130\u015fgali Serisi 1. Kitap Sonsuza Dek S\u0131f\u0131r Tekrar - Demo Magaza","robots":{"index":"index","follow":"follow","max-snippet":"max-snippet:-1","max-image-preview":"max-image-preview:large","max-video-preview":"max-video-preview:-1"},"canonical":"https:\/\/1dkka.com\/magaza2\/urun\/nahx-isgali-serisi-1-kitap-sonsuza-dek-sifir-tekrar-6\/","og_locale":"tr_TR","og_type":"article","og_title":"Nahx \u0130\u015fgali Serisi 1. Kitap Sonsuza Dek S\u0131f\u0131r Tekrar","og_description":"Nahx isgali t\u00fcm sehirleri sarip d\u00fcnyanin kontrol\u00fcn\u00fc ele ge\u00e7irdiginde, Raven yaz kampindaydi. Yerlerinden kimildamamalarini s\u00f6yleyen y\u00f6neticiler, i\u00e7inde bulunduklari belirsizlik ve hissettikleri m\u00fcthis \u00e7aresizlikle arkadaslariyla birbirlerine tutunmaya \u00e7alistilar. Ama sonra, Raven'in erkek arkadasi bir Nahx tarafindan \u00f6ld\u00fcr\u00fcld\u00fc. R\u00fctbesinden baska hi\u00e7bir seyi olmayan, kafasinin i\u00e7indeki sesin direkti? erine uyan Sekizinci ile Raven'in yolu b\u00f6yle kesisti. Tek \u00e7areleri birbirlerine g\u00fcvenmek ve yoldasini asla yalniz birakmamak\u2026 Lou'nun yedi yildir s\u00fcren bir iliskisi vardi, Will'in son iliskisi yedi ay s\u00fcr\u00fcnce inanamamisti. Bu yasamlar, bir g\u00fcn Will'in yasadigi korkun\u00e7 bir trafik kazasiyla kesisti. Ailesini ge\u00e7indirmek zorunda kalan Lou'nun ise ihtiyaci vardi. Artik tekerlekli sandalyeye mahkum olan Will'inse, yasamaya devam edebilmek i\u00e7in bir nedene. Hayata bir kez geldigimizi ve onu cesurca yasamamiz gerektigini , bazen imkansiz bir ask masali hatirlatir bize\u2026\u00dcr\u00fcn Ad\u0131: Nahx \u0130\u015fgali Serisi 1. Kitap Sonsuza Dek S\u0131f\u0131r Tekrar\u00dcr\u00fcn Kodu: 9786050951165Bas\u0131m Y\u0131l\u0131: 2018.00000000Kapak T\u00fcr\u00fc: Karton KapakKa\u011f\u0131t Cinsi: 2. Hamur\u00c7evirmen: G. S. Prendergast","og_url":"https:\/\/1dkka.com\/magaza2\/urun\/nahx-isgali-serisi-1-kitap-sonsuza-dek-sifir-tekrar-6\/","og_site_name":"Demo Magaza","og_image":[{"width":391,"height":600,"url":"https:\/\/1dkka.com\/magaza2\/wp-content\/uploads\/sites\/8\/2025\/03\/0403202567c76ecf2efc1.jpeg","type":"image\/jpeg"}],"twitter_card":"summary_large_image","twitter_misc":{"Tahmini okuma s\u00fcresi":"1 dakika"},"schema":{"@context":"https:\/\/schema.org","@graph":[{"@type":"WebPage","@id":"https:\/\/1dkka.com\/magaza2\/urun\/nahx-isgali-serisi-1-kitap-sonsuza-dek-sifir-tekrar-6\/","url":"https:\/\/1dkka.com\/magaza2\/urun\/nahx-isgali-serisi-1-kitap-sonsuza-dek-sifir-tekrar-6\/","name":"Nahx \u0130\u015fgali Serisi 1. Kitap Sonsuza Dek S\u0131f\u0131r Tekrar - Demo Magaza","isPartOf":{"@id":"https:\/\/1dkka.com\/magaza2\/#website"},"primaryImageOfPage":{"@id":"https:\/\/1dkka.com\/magaza2\/urun\/nahx-isgali-serisi-1-kitap-sonsuza-dek-sifir-tekrar-6\/#primaryimage"},"image":{"@id":"https:\/\/1dkka.com\/magaza2\/urun\/nahx-isgali-serisi-1-kitap-sonsuza-dek-sifir-tekrar-6\/#primaryimage"},"thumbnailUrl":"https:\/\/1dkka.com\/magaza2\/wp-content\/uploads\/sites\/8\/2025\/03\/0403202567c76ecf2efc1.jpeg","datePublished":"2025-04-20T17:08:47+00:00","breadcrumb":{"@id":"https:\/\/1dkka.com\/magaza2\/urun\/nahx-isgali-serisi-1-kitap-sonsuza-dek-sifir-tekrar-6\/#breadcrumb"},"inLanguage":"tr","potentialAction":[{"@type":"ReadAction","target":["https:\/\/1dkka.com\/magaza2\/urun\/nahx-isgali-serisi-1-kitap-sonsuza-dek-sifir-tekrar-6\/"]}]},{"@type":"ImageObject","inLanguage":"tr","@id":"https:\/\/1dkka.com\/magaza2\/urun\/nahx-isgali-serisi-1-kitap-sonsuza-dek-sifir-tekrar-6\/#primaryimage","url":"https:\/\/1dkka.com\/magaza2\/wp-content\/uploads\/sites\/8\/2025\/03\/0403202567c76ecf2efc1.jpeg","contentUrl":"https:\/\/1dkka.com\/magaza2\/wp-content\/uploads\/sites\/8\/2025\/03\/0403202567c76ecf2efc1.jpeg","width":391,"height":600},{"@type":"BreadcrumbList","@id":"https:\/\/1dkka.com\/magaza2\/urun\/nahx-isgali-serisi-1-kitap-sonsuza-dek-sifir-tekrar-6\/#breadcrumb","itemListElement":[{"@type":"ListItem","position":1,"name":"Anasayfa","item":"https:\/\/1dkka.com\/magaza2\/"},{"@type":"ListItem","position":2,"name":"Ma\u011faza","item":"https:\/\/1dkka.com\/magaza2\/"},{"@type":"ListItem","position":3,"name":"Nahx \u0130\u015fgali Serisi 1. Kitap Sonsuza Dek S\u0131f\u0131r Tekrar"}]},{"@type":"WebSite","@id":"https:\/\/1dkka.com\/magaza2\/#website","url":"https:\/\/1dkka.com\/magaza2\/","name":"Demo Magaza","description":"Sanalmahalle.com","potentialAction":[{"@type":"SearchAction","target":{"@type":"EntryPoint","urlTemplate":"https:\/\/1dkka.com\/magaza2\/?s={search_term_string}"},"query-input":{"@type":"PropertyValueSpecification","valueRequired":true,"valueName":"search_term_string"}}],"inLanguage":"tr"}]}},"_links":{"self":[{"href":"https:\/\/1dkka.com\/magaza2\/wp-json\/wp\/v2\/product\/222","targetHints":{"allow":["GET"]}}],"collection":[{"href":"https:\/\/1dkka.com\/magaza2\/wp-json\/wp\/v2\/product"}],"about":[{"href":"https:\/\/1dkka.com\/magaza2\/wp-json\/wp\/v2\/types\/product"}],"replies":[{"embeddable":true,"href":"https:\/\/1dkka.com\/magaza2\/wp-json\/wp\/v2\/comments?post=222"}],"wp:featuredmedia":[{"embeddable":true,"href":"https:\/\/1dkka.com\/magaza2\/wp-json\/wp\/v2\/media\/38"}],"wp:attachment":[{"href":"https:\/\/1dkka.com\/magaza2\/wp-json\/wp\/v2\/media?parent=222"}],"wp:term":[{"taxonomy":"product_brand","embeddable":true,"href":"https:\/\/1dkka.com\/magaza2\/wp-json\/wp\/v2\/product_brand?post=222"},{"taxonomy":"product_cat","embeddable":true,"href":"https:\/\/1dkka.com\/magaza2\/wp-json\/wp\/v2\/product_cat?post=222"},{"taxonomy":"product_tag","embeddable":true,"href":"https:\/\/1dkka.com\/magaza2\/wp-json\/wp\/v2\/product_tag?post=222"}],"curies":[{"name":"wp","href":"https:\/\/api.w.org\/{rel}","templated":true}]}}