{"id":143,"date":"2025-03-12T02:24:51","date_gmt":"2025-03-11T23:24:51","guid":{"rendered":"https:\/\/1dkka.com\/magaza2\/urun\/starwars-jediin-donusu-2\/"},"modified":"2025-03-12T02:24:51","modified_gmt":"2025-03-11T23:24:51","slug":"starwars-jediin-donusu-2","status":"publish","type":"product","link":"https:\/\/1dkka.com\/magaza2\/urun\/starwars-jediin-donusu-2\/","title":{"rendered":"Starwars Jed\u0131&#8217;in D\u00f6n\u00fc\u015f\u00fc"},"content":{"rendered":"<p>Han Solo al\u00e7ak haydut Jabba the Hutt\u2019in pen\u00e7esine d\u00fcsm\u00fcst\u00fcr. Luke Skywalker, dostunu kurtarmak i\u00e7in ana gezegeni olan Tatooine\u2019e geri d\u00f6ner. <\/p>\n<p>Bu sirada GALAKTIK IMPARATORLUK ise gizli isler pesindedir. Ilk \u00d6l\u00fcm Yildizi\u2019ndan \u00e7ok daha korkun\u00e7 bir uzay istasyonu insa etmektedir. Yeni \u00d6l\u00fcm Yildizi tamamlandigi takdirde, galaksiye \u00f6zg\u00fcrl\u00fck getirmek i\u00e7in ugrasan asilerin de sonu gelecektir.<\/p>\n<p>Star Wars maceralari filmleri ve kitaplariyla devam ediyor.<\/p>\n<p>\u00dcr\u00fcn Ad\u0131: Starwars Jed\u0131&#8217;in D\u00f6n\u00fc\u015f\u00fc<br \/>\u00dcr\u00fcn Kodu: 9786050951035<br \/>Bas\u0131m Y\u0131l\u0131: 2018.00000000<br \/>Kapak T\u00fcr\u00fc: Karton Kapak<br \/>Ka\u011f\u0131t Cinsi: 2. Hamur<br \/>\u00c7evirmen: Ryder Windham<\/p>\n","protected":false},"excerpt":{"rendered":"<p>Han Solo al\u00e7ak haydut Jabba the Hutt\u2019in pen\u00e7esine d\u00fcsm\u00fcst\u00fcr. Luke Skywalker, dostunu kurtarmak i\u00e7in ana gezegeni olan Tatooine\u2019e geri d\u00f6ner. <\/p>\n<p>Bu sirada GALAKTIK IMPARATORLUK ise gizli isler pesindedir. Ilk \u00d6l\u00fcm Yildizi\u2019ndan \u00e7ok daha korkun\u00e7 bir uzay istasyonu insa etmektedir. Yeni \u00d6l\u00fcm Yildizi tamamlandigi takdirde, galaksiye \u00f6zg\u00fcrl\u00fck getirmek i\u00e7in ugrasan asilerin de sonu gelecektir.<\/p>\n<p>Star Wars maceralari filmleri ve kitaplariyla devam ediyor.<\/p>\n<p>\u00dcr\u00fcn Ad\u0131: Starwars Jed\u0131&#8217;in D\u00f6n\u00fc\u015f\u00fc<br \/>\u00dcr\u00fcn Kodu: 9786050951035<br \/>Bas\u0131m Y\u0131l\u0131: 2018.00000000<br \/>Kapak T\u00fcr\u00fc: Karton Kapak<br \/>Ka\u011f\u0131t Cinsi: 2. Hamur<br \/>\u00c7evirmen: Ryder Windham<\/p>\n","protected":false},"featured_media":18,"comment_status":"open","ping_status":"closed","template":"","meta":[],"product_brand":[],"product_cat":[19],"product_tag":[],"class_list":{"0":"post-143","1":"product","2":"type-product","3":"status-publish","4":"has-post-thumbnail","6":"product_cat-7-12-yas","8":"first","9":"instock","10":"shipping-taxable","11":"purchasable","12":"product-type-simple"},"yoast_head":"<!-- This site is optimized with the Yoast SEO Premium plugin v24.5 (Yoast SEO v24.5) - https:\/\/yoast.com\/wordpress\/plugins\/seo\/ -->\n<title>Starwars Jed\u0131&#039;in D\u00f6n\u00fc\u015f\u00fc - Demo Magaza<\/title>\n<meta name=\"robots\" content=\"index, follow, max-snippet:-1, max-image-preview:large, max-video-preview:-1\" \/>\n<link rel=\"canonical\" href=\"https:\/\/1dkka.com\/magaza2\/urun\/starwars-jediin-donusu-2\/\" \/>\n<meta property=\"og:locale\" content=\"tr_TR\" \/>\n<meta property=\"og:type\" content=\"article\" \/>\n<meta property=\"og:title\" content=\"Starwars Jed\u0131&#039;in D\u00f6n\u00fc\u015f\u00fc\" \/>\n<meta property=\"og:description\" content=\"Han Solo al\u00e7ak haydut Jabba the Hutt\u2019in pen\u00e7esine d\u00fcsm\u00fcst\u00fcr. Luke Skywalker, dostunu kurtarmak i\u00e7in ana gezegeni olan Tatooine\u2019e geri d\u00f6ner.  Bu sirada GALAKTIK IMPARATORLUK ise gizli isler pesindedir. Ilk \u00d6l\u00fcm Yildizi\u2019ndan \u00e7ok daha korkun\u00e7 bir uzay istasyonu insa etmektedir. Yeni \u00d6l\u00fcm Yildizi tamamlandigi takdirde, galaksiye \u00f6zg\u00fcrl\u00fck getirmek i\u00e7in ugrasan asilerin de sonu gelecektir. Star Wars maceralari filmleri ve kitaplariyla devam ediyor. \u00dcr\u00fcn Ad\u0131: Starwars Jed\u0131&#039;in D\u00f6n\u00fc\u015f\u00fc\u00dcr\u00fcn Kodu: 9786050951035Bas\u0131m Y\u0131l\u0131: 2018.00000000Kapak T\u00fcr\u00fc: Karton KapakKa\u011f\u0131t Cinsi: 2. Hamur\u00c7evirmen: Ryder Windham\" \/>\n<meta property=\"og:url\" content=\"https:\/\/1dkka.com\/magaza2\/urun\/starwars-jediin-donusu-2\/\" \/>\n<meta property=\"og:site_name\" content=\"Demo Magaza\" \/>\n<meta property=\"og:image\" content=\"https:\/\/1dkka.com\/magaza2\/wp-content\/uploads\/sites\/8\/2025\/03\/0403202567c76ec7730c5.jpeg\" \/>\n\t<meta property=\"og:image:width\" content=\"410\" \/>\n\t<meta property=\"og:image:height\" content=\"600\" \/>\n\t<meta property=\"og:image:type\" content=\"image\/jpeg\" \/>\n<meta name=\"twitter:card\" content=\"summary_large_image\" \/>\n<meta name=\"twitter:label1\" content=\"Tahmini okuma s\u00fcresi\" \/>\n\t<meta name=\"twitter:data1\" content=\"1 dakika\" \/>\n<script type=\"application\/ld+json\" class=\"yoast-schema-graph\">{\"@context\":\"https:\/\/schema.org\",\"@graph\":[{\"@type\":\"WebPage\",\"@id\":\"https:\/\/1dkka.com\/magaza2\/urun\/starwars-jediin-donusu-2\/\",\"url\":\"https:\/\/1dkka.com\/magaza2\/urun\/starwars-jediin-donusu-2\/\",\"name\":\"Starwars Jed\u0131'in D\u00f6n\u00fc\u015f\u00fc - Demo Magaza\",\"isPartOf\":{\"@id\":\"https:\/\/1dkka.com\/magaza2\/#website\"},\"primaryImageOfPage\":{\"@id\":\"https:\/\/1dkka.com\/magaza2\/urun\/starwars-jediin-donusu-2\/#primaryimage\"},\"image\":{\"@id\":\"https:\/\/1dkka.com\/magaza2\/urun\/starwars-jediin-donusu-2\/#primaryimage\"},\"thumbnailUrl\":\"https:\/\/1dkka.com\/magaza2\/wp-content\/uploads\/sites\/8\/2025\/03\/0403202567c76ec7730c5.jpeg\",\"datePublished\":\"2025-03-11T23:24:51+00:00\",\"breadcrumb\":{\"@id\":\"https:\/\/1dkka.com\/magaza2\/urun\/starwars-jediin-donusu-2\/#breadcrumb\"},\"inLanguage\":\"tr\",\"potentialAction\":[{\"@type\":\"ReadAction\",\"target\":[\"https:\/\/1dkka.com\/magaza2\/urun\/starwars-jediin-donusu-2\/\"]}]},{\"@type\":\"ImageObject\",\"inLanguage\":\"tr\",\"@id\":\"https:\/\/1dkka.com\/magaza2\/urun\/starwars-jediin-donusu-2\/#primaryimage\",\"url\":\"https:\/\/1dkka.com\/magaza2\/wp-content\/uploads\/sites\/8\/2025\/03\/0403202567c76ec7730c5.jpeg\",\"contentUrl\":\"https:\/\/1dkka.com\/magaza2\/wp-content\/uploads\/sites\/8\/2025\/03\/0403202567c76ec7730c5.jpeg\",\"width\":410,\"height\":600},{\"@type\":\"BreadcrumbList\",\"@id\":\"https:\/\/1dkka.com\/magaza2\/urun\/starwars-jediin-donusu-2\/#breadcrumb\",\"itemListElement\":[{\"@type\":\"ListItem\",\"position\":1,\"name\":\"Anasayfa\",\"item\":\"https:\/\/1dkka.com\/magaza2\/\"},{\"@type\":\"ListItem\",\"position\":2,\"name\":\"Ma\u011faza\",\"item\":\"https:\/\/1dkka.com\/magaza2\/\"},{\"@type\":\"ListItem\",\"position\":3,\"name\":\"Starwars Jed\u0131&#8217;in D\u00f6n\u00fc\u015f\u00fc\"}]},{\"@type\":\"WebSite\",\"@id\":\"https:\/\/1dkka.com\/magaza2\/#website\",\"url\":\"https:\/\/1dkka.com\/magaza2\/\",\"name\":\"Demo Magaza\",\"description\":\"Sanalmahalle.com\",\"potentialAction\":[{\"@type\":\"SearchAction\",\"target\":{\"@type\":\"EntryPoint\",\"urlTemplate\":\"https:\/\/1dkka.com\/magaza2\/?s={search_term_string}\"},\"query-input\":{\"@type\":\"PropertyValueSpecification\",\"valueRequired\":true,\"valueName\":\"search_term_string\"}}],\"inLanguage\":\"tr\"}]}<\/script>\n<!-- \/ Yoast SEO Premium plugin. -->","yoast_head_json":{"title":"Starwars Jed\u0131'in D\u00f6n\u00fc\u015f\u00fc - Demo Magaza","robots":{"index":"index","follow":"follow","max-snippet":"max-snippet:-1","max-image-preview":"max-image-preview:large","max-video-preview":"max-video-preview:-1"},"canonical":"https:\/\/1dkka.com\/magaza2\/urun\/starwars-jediin-donusu-2\/","og_locale":"tr_TR","og_type":"article","og_title":"Starwars Jed\u0131'in D\u00f6n\u00fc\u015f\u00fc","og_description":"Han Solo al\u00e7ak haydut Jabba the Hutt\u2019in pen\u00e7esine d\u00fcsm\u00fcst\u00fcr. Luke Skywalker, dostunu kurtarmak i\u00e7in ana gezegeni olan Tatooine\u2019e geri d\u00f6ner.  Bu sirada GALAKTIK IMPARATORLUK ise gizli isler pesindedir. Ilk \u00d6l\u00fcm Yildizi\u2019ndan \u00e7ok daha korkun\u00e7 bir uzay istasyonu insa etmektedir. Yeni \u00d6l\u00fcm Yildizi tamamlandigi takdirde, galaksiye \u00f6zg\u00fcrl\u00fck getirmek i\u00e7in ugrasan asilerin de sonu gelecektir. Star Wars maceralari filmleri ve kitaplariyla devam ediyor. \u00dcr\u00fcn Ad\u0131: Starwars Jed\u0131'in D\u00f6n\u00fc\u015f\u00fc\u00dcr\u00fcn Kodu: 9786050951035Bas\u0131m Y\u0131l\u0131: 2018.00000000Kapak T\u00fcr\u00fc: Karton KapakKa\u011f\u0131t Cinsi: 2. Hamur\u00c7evirmen: Ryder Windham","og_url":"https:\/\/1dkka.com\/magaza2\/urun\/starwars-jediin-donusu-2\/","og_site_name":"Demo Magaza","og_image":[{"width":410,"height":600,"url":"https:\/\/1dkka.com\/magaza2\/wp-content\/uploads\/sites\/8\/2025\/03\/0403202567c76ec7730c5.jpeg","type":"image\/jpeg"}],"twitter_card":"summary_large_image","twitter_misc":{"Tahmini okuma s\u00fcresi":"1 dakika"},"schema":{"@context":"https:\/\/schema.org","@graph":[{"@type":"WebPage","@id":"https:\/\/1dkka.com\/magaza2\/urun\/starwars-jediin-donusu-2\/","url":"https:\/\/1dkka.com\/magaza2\/urun\/starwars-jediin-donusu-2\/","name":"Starwars Jed\u0131'in D\u00f6n\u00fc\u015f\u00fc - Demo Magaza","isPartOf":{"@id":"https:\/\/1dkka.com\/magaza2\/#website"},"primaryImageOfPage":{"@id":"https:\/\/1dkka.com\/magaza2\/urun\/starwars-jediin-donusu-2\/#primaryimage"},"image":{"@id":"https:\/\/1dkka.com\/magaza2\/urun\/starwars-jediin-donusu-2\/#primaryimage"},"thumbnailUrl":"https:\/\/1dkka.com\/magaza2\/wp-content\/uploads\/sites\/8\/2025\/03\/0403202567c76ec7730c5.jpeg","datePublished":"2025-03-11T23:24:51+00:00","breadcrumb":{"@id":"https:\/\/1dkka.com\/magaza2\/urun\/starwars-jediin-donusu-2\/#breadcrumb"},"inLanguage":"tr","potentialAction":[{"@type":"ReadAction","target":["https:\/\/1dkka.com\/magaza2\/urun\/starwars-jediin-donusu-2\/"]}]},{"@type":"ImageObject","inLanguage":"tr","@id":"https:\/\/1dkka.com\/magaza2\/urun\/starwars-jediin-donusu-2\/#primaryimage","url":"https:\/\/1dkka.com\/magaza2\/wp-content\/uploads\/sites\/8\/2025\/03\/0403202567c76ec7730c5.jpeg","contentUrl":"https:\/\/1dkka.com\/magaza2\/wp-content\/uploads\/sites\/8\/2025\/03\/0403202567c76ec7730c5.jpeg","width":410,"height":600},{"@type":"BreadcrumbList","@id":"https:\/\/1dkka.com\/magaza2\/urun\/starwars-jediin-donusu-2\/#breadcrumb","itemListElement":[{"@type":"ListItem","position":1,"name":"Anasayfa","item":"https:\/\/1dkka.com\/magaza2\/"},{"@type":"ListItem","position":2,"name":"Ma\u011faza","item":"https:\/\/1dkka.com\/magaza2\/"},{"@type":"ListItem","position":3,"name":"Starwars Jed\u0131&#8217;in D\u00f6n\u00fc\u015f\u00fc"}]},{"@type":"WebSite","@id":"https:\/\/1dkka.com\/magaza2\/#website","url":"https:\/\/1dkka.com\/magaza2\/","name":"Demo Magaza","description":"Sanalmahalle.com","potentialAction":[{"@type":"SearchAction","target":{"@type":"EntryPoint","urlTemplate":"https:\/\/1dkka.com\/magaza2\/?s={search_term_string}"},"query-input":{"@type":"PropertyValueSpecification","valueRequired":true,"valueName":"search_term_string"}}],"inLanguage":"tr"}]}},"_links":{"self":[{"href":"https:\/\/1dkka.com\/magaza2\/wp-json\/wp\/v2\/product\/143","targetHints":{"allow":["GET"]}}],"collection":[{"href":"https:\/\/1dkka.com\/magaza2\/wp-json\/wp\/v2\/product"}],"about":[{"href":"https:\/\/1dkka.com\/magaza2\/wp-json\/wp\/v2\/types\/product"}],"replies":[{"embeddable":true,"href":"https:\/\/1dkka.com\/magaza2\/wp-json\/wp\/v2\/comments?post=143"}],"wp:featuredmedia":[{"embeddable":true,"href":"https:\/\/1dkka.com\/magaza2\/wp-json\/wp\/v2\/media\/18"}],"wp:attachment":[{"href":"https:\/\/1dkka.com\/magaza2\/wp-json\/wp\/v2\/media?parent=143"}],"wp:term":[{"taxonomy":"product_brand","embeddable":true,"href":"https:\/\/1dkka.com\/magaza2\/wp-json\/wp\/v2\/product_brand?post=143"},{"taxonomy":"product_cat","embeddable":true,"href":"https:\/\/1dkka.com\/magaza2\/wp-json\/wp\/v2\/product_cat?post=143"},{"taxonomy":"product_tag","embeddable":true,"href":"https:\/\/1dkka.com\/magaza2\/wp-json\/wp\/v2\/product_tag?post=143"}],"curies":[{"name":"wp","href":"https:\/\/api.w.org\/{rel}","templated":true}]}}